9, what is -1 + -20?
-21
In base 15, what is 5e + -6?
58
In base 16, what is b6c - 1?
b6b
In base 12, what is -155 + 4a?
-107
In base 12, what is -3 - a0b?
-a12
In base 2, what is 11 - -100100110001?
100100110100
In base 16, what is 3 - -34?
37
In base 8, what is 0 - 3052?
-3052
In base 14, what is -150 - 3?
-153
In base 7, what is 146 - -62?
241
In base 7, what is -545 - 3?
-551
In base 14, what is -5 - -3a1?
39a
In base 6, what is 1300 - -140?
1440
In base 14, what is -38 - 36?
-70
In base 8, what is 5 - -5703?
5710
In base 7, what is 202 + 14?
216
In base 8, what is -5 - 10244?
-10251
In base 6, what is 0 + -452?
-452
In base 6, what is -10 - -212?
202
In base 10, what is -95 + -9?
-104
In base 16, what is 1 + 4cf?
4d0
In base 12, what is -1b - -8?
-13
In base 16, what is 5c5 + -1?
5c4
In base 2, what is -101100110 - 1010111?
-110111101
In base 2, what is 11000001 - 10?
10111111
In base 16, what is 5 - -15?
1a
In base 15, what is 1 - a0?
-9e
In base 8, what is 3 + -1166?
-1163
In base 14, what is -76 + 3?
-73
In base 5, what is 231 + -223?
3
In base 5, what is 311 + -10?
301
In base 16, what is 6f - -7?
76
In base 9, what is -25 + -46?
-72
In base 11, what is -4 - -90?
87
In base 10, what is 13 - 156?
-143
In base 16, what is -5 - -9e?
99
In base 7, what is -21 + 1056?
1035
In base 5, what is 2 + -1442?
-1440
In base 5, what is 24 - -424?
1003
In base 11, what is 116 + -6?
110
In base 14, what is -10 - -8?
-6
In base 16, what is -4 + -8bc?
-8c0
In base 2, what is 1011 - 111101?
-110010
In base 12, what is 3 - b6?
-b3
In base 8, what is -51 - 1?
-52
In base 15, what is -108b - 1?
-108c
In base 11, what is 43 - 0?
43
In base 8, what is -2 - -2650?
2646
In base 5, what is 10 + 13?
23
In base 2, what is 1110110000 - -100?
1110110100
In base 14, what is 3 - -2?
5
In base 15, what is 4 - 1d?
-19
In base 16, what is 5 + 5?
a
In base 10, what is -473 - -1?
-472
In base 15, what is 1bcc - 2?
1bca
In base 9, what is -140 - -2?
-137
In base 5, what is -2 - 104?
-111
In base 14, what is -11 + 1?
-10
In base 7, what is -3 + -3?
-6
In base 16, what is 108 + 1?
109
In base 14, what is 55 + -4?
51
In base 7, what is -166 - 10?
-206
In base 15, what is -3 - 40?
-43
In base 7, what is 135 - -53?
221
In base 8, what is 637 + -2?
635
In base 14, what is -7 - b?
-14
In base 13, what is 3 - -23c6?
23c9
In base 4, what is 311 + -21?
230
In base 15, what is -b3 - 5?
-b8
In base 9, what is -20 - -1?
-18
In base 9, what is 145 + 5?
151
In base 9, what is -2 - -203?
201
In base 11, what is -36 + -5?
-40
In base 2, what is -10 - -11100111?
11100101
In base 6, what is 10325 - 10?
10315
In base 5, what is 10 - -33011?
33021
In base 6, what is 5 + -13240?
-13231
In base 13, what is 53 + 8?
5b
In base 13, what is 4 - -cc?
103
In base 13, what is -c + a5?
96
In base 11, what is -3 + -125?
-128
In base 11, what is -212 - 4a?
-261
In base 5, what is -4 + -40133?
-40142
In base 15, what is 4 + 17a0?
17a4
In base 10, what is -59 + 2?
-57
In base 10, what is -4356 + -4?
-4360
In base 9, what is 28 - -12?
41
In base 3, what is 110100112 + -2?
110100110
In base 5, what is 1142 + -20?
1122
In base 13, what is 0 - 647?
-647
In base 14, what is 5 + -68?
-63
In base 10, what is 7 + 14?
21
In base 12, what is 10 + 165?
175
In base 14, what is -4b + 3?
-48
In base 4, what is -3 + -12222?
-12231
In base 7, what is 5 + -60?
-52
In base 9, what is -14 - 8?
-23
In base 5, what is 213 - 2021?
-1303
In base 3, what is 202 - -2021?
10000
In base 7, what is 1 + 2044?
2045
In base 14, what is -296 + -4?
-29a
In base 13, what is 2 - 89?
-87
In base 16, what is 136 + 3e?
174
In base 13, what is 5 - 3ca8?
-3ca3
In base 11, what is 385 + -4?
381
In base 6, what is 1 + -50?
-45
In base 7, what is -1052 - -5?
-1044
In base 2, what is -111 - 100000?
-100111
In base 11, what is 4 - -29?
32
In base 14, what is 0 + 2c?
2c
In base 15, what is -4 + -100?
-104
In base 3, what is 122 - 2010?
-1111
In base 16, what is 1 - 3c9?
-3c8
In base 9, what is 2 + 480?
482
In base 8, what is 1301 + -27?
1252
In base 13, what is 4 + -163?
-15c
In base 2, what is -10000011100 - -11?
-10000011001
In base 14, what is 19 + -6c?
-53
In base 8, what is -152 - 23?
-175
In base 15, what is 0 + -14e?
-14e
In base 7, what is -13 - 63?
-106
In base 13, what is -133b + 4?
-1337
In base 11, what is 4 + -133a?
-1336
In base 9, what is 1 - 7171?
-7170
In base 16, what is cb5 - -2?
cb7
In base 10, what is 175 + -13?
162
In base 5, what is -41 + 14?
-22
In base 15, what is -5 - 26bc?
-26c2
In base 11, what is 221 - -2?
223
In base 15, what is 1 + -35?
-34
In base 11, what is 18a - 5?
185
In base 11, what is -5519 - 1?
-551a
In base 4, what is 20 + 13131?
13211
In base 4, what is 11111 - -222?
11333
In base 8, what is 22 - 33?
-11
In base 12, what is 4 - -2?
6
In base 7, what is 0 - -125?
125
In base 2, what is 11 + -1111101?
-1111010
In base 5, what is -1114 + 21?
-1043
In base 2, what is 111001000010 - -101?
111001000111
In base 13, what is -11 - 80?
-91
In base 9, what is 26 + 85?
122
In base 12, what is 420 - -4?
424
In base 3, what is -22 - 1011100?
-1011122
In base 13, what is -4 + -418?
-41c
In base 7, what is 5 + 6301?
6306
In base 9, what is 187 + 14?
212
In base 10, what is 193 - 5?
188
In base 7, what is -5140 - -2?
-5135
In base 14, what is -4 + -377?
-37b
In base 14, what is -7 - -4?
-3
In base 12, what is -72 - 5?
-77
In base 6, what is -3 - 103?
-110
In base 8, what is 30 - -4?
34
In base 8, what is -12 + -134?
-146
In base 15, what is -6e5 - -1?
-6e4
In base 15, what is 4 - -302?
306
In base 4, what is 102 - 22?
20
In base 8, what is 12 - -257?
271
In base 3, what is -110 + 222?
112
In base 7, what is -324 - -3?
-321
In base 7, what is 10 - -100?
110
In base 6, what is -35221 + -3?
-35224
In base 4, what is 100 + -120?
-20
In base 15, what is -b - -75c?
751
In base 15, what is 1a - -4?
1e
In base 4, what is -11 + 10?
-1
In base 2, what is 1001 + 10011111000?
10100000001
In base 16, what is -2 + d?
b
In base 3, what is 22011 - 20?
21221
In base 4, what is 20 + 3020?
3100
In base 10, what is 8 + 16?
24
In base 13, what is 103 + b?
111
In base 16, what is 2 - 151?
-14f
In base 16, what is -35c - 3?
-35f
In base 8, what is 1 + -15620?
-15617
In base 2, what is -1 - -1110?
1101
In base 12, what is -29 - 5?
-32
In base 8, what is -524 + -117?
-643
In base 8, what is -6 - -712?
704
In base 13, what is -80 + -1?
-81
In base 6, what is 3 - -502?
505
In base 16, what is d1 - 11?
c0
In base 13, what is -71 - 2?
-73
In base 5, what is 10 + 403?
413
In base 2, what is 10011 + 10010?
100101
In base 14, what is 3 - -1276?
1279
In base 15, what is -5 + 21?
1b
In base 15, what is 4 + -14?
-10
In base 15, what is -16 - 2?
-18
In base 6, what is -14334 + 0?
-14334
In base 4, what is 333 + -1?
332
In base 2, what is -111011100000 + 101?
-111011011011
In base 4, what is -10 - 12112?
-12122
In base 7, what is 0 - -652?
652
In base 15, what is 5 + 20?
25
In base 7, what is 24 + -116?
-62
In base 8, what is 1 + 117?
120
In base 5, what is -3 + -102?
-110
In base 12, what is -11062 + 3?
-1105b
In base 4, what is -11 - 121?
-132
In base 13, what is -36b + 3?
-368
In base 14, what is 182 + -5?
17b
In base 9, what is 15 + 607?
623
In base 7, what is -35 - 100?
-135
In base 2, what is -1101010001000 - -101?
-1101010000011
In base 15, what is 2 + 19e?
1a1
In base 6, what is -122 - -113?
-5
In base 5, what is -21202 + 1?
-21201
In base 5, what is 4 - 333?
-324
In base 4, what is -12 + -2123?
-2201
In base 13, what is 2 - -b13?
b15
In base 15, what is 3 + -18?
-15
In base 3, what is 1122122 + -10?
1122112
In base 7, what is 1 - -3062?
3063
In base 10, what is 11 - 680?
-669
In base 9, what is 3 - -3844?
3847
In base 4, what is 3102 - -210?
3312
In base 8, what is 53 + -3?
50
In base 3, what is 100 - -22?
122
In base 8, what is -4 + 52?
46
In base 13, what is -18b + 2?
-189
In base 7, what is 626 + 140?
1066
In base 15, what is -1 - 5?
-6
In base 15, what is 5 + 219?
21e
In base 11, what is 4 - -1a6?
1aa
In base 15, what is 1 + -32e?
-32d
In base 13, what is 2aa0 + -2?
2a9b
In base 7, what is 0 + 140?
140
In base 2, what is 11010 - -10001010?
10100100
In base 8, what is 3 + -3003?
-3000
In base 15, what is -25b - 3?
-25e
In base 8, what is 2 + -22?
